Give r(-68).
-10
Let m(d) = -d**3 - 18*d**2 - 23*d + 527. What is m(-9)?
5
Let k(g) = -8*g**2 - 150*g + 20. Calculate k(-16).
372
Let s(k) = k**3 + 48*k**2 - 2*k - 41. Give s(0).
-41
Let h(s) = -9*s**2 + 18*s + 35. Determine h(-2).
-37
Let y(t) = t**3 + 69*t**2 - 79*t - 600. Give y(-70).
30
Let x(l) = -l**2 - 3*l + 249. Determine x(13).
41
Let a(w) = -w**3 + w**2 + 32*w + 113. What is a(-5)?
103
Let z(g) = g**2 - 36*g + 114. Give z(3).
15
Let w(o) = o**3 - 5*o**2 - 519*o + 3074. Calculate w(6).
-4
Let y(d) = d**3 - 34*d**2 + 54*d - 1829. Determine y(34).
7
Let s(n) = 11*n**3 + 441*n**2 + 45*n + 194. Calculate s(-40).
-6
Let s(p) = p**3 - 128*p**2 - 396*p + 413. Determine s(131).
20
Let s(l) = -l**3 + 10*l**2 - 38*l + 3. Calculate s(3).
-48
Let i(b) = -2*b**3 - 211*b**2 - 702*b + 1223. Determine i(-102).
-1
Let q(l) = -l**2 - 88*l + 3386. Calculate q(29).
-7
Let p(z) = -22084*z - 44167. Determine p(-2).
1
Let z(a) = -a**2 - 2*a + 163. Determine z(15).
-92
Let b(c) = c**2 + 269*c - 2496. Give b(9).
6
Let g(h) = 16433*h - 32885. Calculate g(2).
-19
Let p(m) = 4925*m - 216699. Determine p(44).
1
Let f(l) = 2*l + 191. Give f(33).
257
Let y(x) = -x**3 - 36*x**2 - 6*x - 60. Calculate y(-36).
156
Let w(g) = 161*g**2 + 26*g - 27. Calculate w(1).
160
Let o(t) = 4272*t + 8548. Give o(-2).
4
Let i(u) = 4466*u - 14. Give i(0).
-14
Let l(v) = -15*v**2 + 156*v - 30. Calculate l(13).
-537
Let w(c) = -2*c**2 + 54*c - 267. Give w(17).
73
Let a(t) = t**2 + 9*t + 14. Calculate a(-9).
14
Let m(f) = f**2 + 4*f - 13. What is m(-18)?
239
Let p(d) = d**3 + 2*d**2 + 29*d + 49. Give p(-2).
-9
Let t(h) = -h**3 + 63*h**2 - 116*h - 316. Give t(61).
50
Let k(m) = m**3 + 18*m**2 - 93*m - 1056. Give k(-20).
4
Let i(r) = 22*r + 78. Calculate i(-5).
-32
Let c(z) = -z**3 + 11*z**2 + 142*z + 311. What is c(-5)?
1
Let m(l) = -218*l + 1313. What is m(6)?
5
Let p(x) = 2*x**2 + 53*x - 973. What is p(-39)?
2
Let w(n) = n**3 - 133*n**2 + 115*n + 2252. Determine w(132).
8
Let z(f) = 111*f**2 - 205*f - 3. Calculate z(2).
31
Let o(x) = -x**3 + 5*x - 2. Calculate o(1).
2
Let n(q) = -261*q**3 + 4*q**2 + 2*q + 1. Calculate n(-1).
264
Let w(k) = k**3 - 16*k**2 - 38*k + 31. Give w(18).
-5
Let k(q) = 3*q**2 + 3*q + 8. Calculate k(-10).
278
Let u(k) = 654*k + 11782. Give u(-18).
10
Let i(m) = 7*m**2 - 567*m + 569. What is i(1)?
9
Let u(m) = -m**3 - 6*m**2 + 16*m + 63. Give u(-6).
-33
Let k(b) = b**3 + 2*b**2 + 3*b + 2. Determine k(-5).
-88
Let i(p) = -32*p + 130. What is i(11)?
-222
Let g(j) = 5*j**2 + 31*j + 157. Calculate g(-6).
151
Let u(f) = -164*f - 11849. Determine u(-72).
-41
Let a(n) = 317*n + 34233. What is a(-108)?
-3
Let g(h) = 11*h**2 + 10*h - 13. Calculate g(1).
8
Let m(f) = 3*f**2 + 14*f + 2. Give m(0).
2
Let i(v) = -v**2 + 142*v - 925. Determine i(7).
20
Let q(a) = -32*a - 3073. Give q(-96).
-1
Let x(v) = 60*v - 428. What is x(7)?
-8
Let w(r) = -22*r + 1456. Calculate w(65).
26
Let y(t) = 8*t + 214. Determine y(-27).
-2
Let y(j) = -33*j**2 + 458*j - 2. Determine y(14).
-58
Let n(c) = -2*c**2 + 16*c - 8. What is n(6)?
16
Let x(m) = 163*m + 3708. What is x(-23)?
-41
Let b(x) = 461*x - 5576. What is b(12)?
-44
Let v(b) = -b**3 + 25*b**2 - 42*b + 464. Give v(24).
32
Let n(g) = -g**3 + 7*g**2 - 5*g + 56. What is n(7)?
21
Let y(s) = 3*s**2 + 19*s - 56. Give y(-9).
16
Let p(v) = -24*v + 447. Calculate p(15).
87
Let x(i) = -i**2 + 47*i - 504. Determine x(30).
6
Let b(a) = a**3 + 5*a**2 - 72*a + 3. Determine b(6).
-33
Let i(w) = -25*w + 100. Calculate i(-4).
200
Let d(i) = i**3 - 4*i**2 + 2*i - 3. What is d(4)?
5
Let s(x) = -4*x**2 + 14*x + 13. What is s(-7)?
-281
Let d(b) = -b**3 - 15*b**2 + 18*b + 15. Calculate d(-13).
-557
Let m(z) = 3*z**3 - 185*z**2 - 3544*z + 148. Determine m(77).
-6
Let s(c) = -24*c - 146. Calculate s(-7).
22
Let t(h) = h**3 - 14*h**2 + 47*h - 17. What is t(9)?
1
Let y(d) = d**3 + 48*d**2 + 94*d + 73. Give y(-46).
-19
Let o(p) = 4*p**2 + 65*p - 121. Determine o(-17).
-70
Let q(y) = -54*y - 3283. Calculate q(-60).
-43
Let q(m) = 95*m + 13958. Determine q(-147).
-7
Let v(d) = -1406*d + 42182. What is v(30)?
2
Let r(p) = 47*p**3 + 2*p**2 - 4*p + 3. Give r(1).
48
Let m(g) = -g**2 - 6*g - 38. Give m(-12).
-110
Let m(v) = 346*v - 1583. What is m(6)?
493
Let k(g) = 131*g + 2235. Calculate k(-17).
8
Let l(h) = 3391*h - 200075. Give l(59).
-6
Let c(o) = o**3 - 10*o**2 - 51*o + 157. Determine c(13).
1
Let b(y) = 5*y**3 - 12*y**2 + 12*y - 11. Calculate b(4).
165
Let v(t) = t**3 + 14*t**2 + 66*t + 79. Give v(-6).
-29
Let x(o) = -o**2 - 25*o + 161. Give x(-39).
-385
Let f(h) = h**2 + 67*h + 206. Calculate f(-64).
14
Let b(d) = -d**3 - 20*d**2 + 157*d + 781. What is b(-25)?
-19
Let i(a) = -135*a**2 - 779*a + 178. What is i(-6)?
-8
Let h(w) = w**3 + 16*w**2 + 21*w - 7. Determine h(-14).
91
Let w(z) = 198*z + 458. What is w(-3)?
-136
Let k(c) = 3*c**2 + 306*c + 7201. Determine k(-37).
-14
Let a(s) = -s**2 + 132*s - 1589. Calculate a(118).
63
Let o(n) = -4*n + 103. Determine o(11).
59
Let y(t) = 17*t**2 + 144*t + 49. Give y(-9).
130
Let d(r) = 19*r + 95. Calculate d(-4).
19
Let q(t) = -2*t**3 + 12*t**2 + 109*t - 244. Determine q(2).
6
Let c(s) = 2*s**3 - 44*s**2 + 4*s - 77. What is c(22)?
11
Let o(c) = 3*c - 8. Give o(2).
-2
Let b(i) = -5*i**2 + 24*i + 26. What is b(-4)?
-150
Let b(j) = -264*j**3 - 9*j**2 - 11*j - 3. Calculate b(-1).
263
Let d(l) = 336*l + 671. Calculate d(-2).
-1
Let o(t) = 51*t**3 + 5*t**2 + t - 2. Calculate o(-2).
-392
Let r(x) = -x**2 - 1700*x - 42. Determine r(0).
-42
Let k(h) = h**3 - 17*h**2 - 4*h + 29. Determine k(17).
-39
Let k(p) = 289*p**2 - 7*p + 7. Determine k(1).
289
Let r(g) = g**2 - 26*g + 25. Calculate r(19).
-108
Let u(z) = -z**2 - 823*z - 99400. What is u(-147)?
-28
Let c(o) = -34*o + 1011. What is c(27)?
93
Let s(t) = 15*t - 39. Calculate s(-19).
-324
Let c(q) = -4*q**3 + 8*q + 20. Give c(-2).
36
Let p(k) = 18*k - 170. Give p(13).
64
Let w(p) = -962*p - 6721. Give w(-7).
13
Let r(i) = 276*i - 14029. Calculate r(51).
47
Let t(w) = -63*w + 1987. Determine t(30).
97
Let y(q) = q**2 - 74*q - 1282. Give y(85).
-347
Let b(l) = -2*l**2 + 181*l + 966. Determine b(96).
-90
Let c(n) = -3*n**3 - 3*n**2 + 9*n + 13. What is c(-2)?
7
Let y(s) = -s**3 + 27*s**2 - 152*s + 2554. What is y(25)?
4
Let c(g) = 2*g**3 + 20*g**2 - 278*g + 206. Calculate c(-18).
26
Let g(v) = 40*v - 1428. Give g(36).
12
Let u(j) = 5226*j + 88851. Give u(-17).
9
Let m(h) = -h**3 + 4*h**2 - 3*h + 5. Calculate m(4).
-7
Let o(l) = 2*l**3 - 29*l**2 + 34*l + 60. Give o(13).
-5
Let w(x) = -x**2 - 179*x - 7025. Give w(-58).
-7
Let u(i) = 162*i - 20557. Determine u(127).
17
Let t(s) = -3*s**2 - 12*s + 293. Calculate t(8).
5
Let l(i) = 457*i - 4121. Give l(9).
-8
Let l(b) = 62*b - 5759. Give l(93).
7
Let b(y) = 3*y**2 + 57*y + 149. Determine b(-3).
5
Let y(n) = -3*n**2 - 40*n + 421. Give y(7).
-6
Let w(x) = x**3 - 35*x**2 + 33*x - 31. Determine w(34).
-65
Let f(p) = 2*p**2 - 20*p - 64. Calculate f(12).
-16
Let k(l) = l**2 - 25*l - 85. Give k(16).
-229
Let j(g) = 107*g + 6811. Calculate j(-64).
-37
Let k(f) = -3767*f - 3800. Give k(-1).
-33
Let m(o) = 2*o**3 - 25*o**2 + 31*o + 67. Determine m(10).
-123
Let m(i) = 2*i**3 + 15*i**2 + 2*i + 76. Determine m(-8).
-4
Let p(z) = -z**3 - 32*z**2 - 169*z - 1617. Calculate p(-28).
-21
Let l(d) = -130*d - 1235. Calculate l(-11).
195
Let r(l) = 2*l**3 - l**2 + 8*l - 57. Calculate r(0).
-57
Let f(i) = -70*i - 20. What is f(0)?
-20
Let o(f) = -62*f - 718. Determine o(-13).
88
Let f(p) = 57*p + 11841. What is f(-208)?
-15
Let a(k) = -2*k**3 - 63*k**2 + 30*k - 100. Give a(-32).
-36
Let r(z) = z**2 + 100*z - 406. What is r(4)?
10
Let z(k) = 537*k - 16629. What is z(31)?
18
Let n(s) = -550*s + 8778. What is n(16)?
-22
Let i(h) = -h**2 + 8*h + 131. Determine i(-4).
83
Let s(k) = -3*k**3 + 23*k**2 + 70. What is s(8)?
6
Let m(q) = 44*q**2 + 5194*q + 243. Determine m(-118).
7
Let k(v) = v**3 + 10*v**2 + 59*v + 802. Give k(-12).
-194
Let b(i) = 359*i - 3558. Give b(10).
32
Let g(l) = l**3 - 60*l**2 - 141*l + 4868. Calculate g(61).
-12
Let y(r) = 5*r**3 - 41*r**2 + 27*r - 148. Calculate y(8).
4
Let n(v) = v**3 - 31*v**2 + 101*v + 85. What is n(27)?
-104
Let l(z) = -z**3 + 28*z**2 - 180*z - 148. What is l(12)?
-4
Let r(z) = 2*z**2 + 415*z + 19515. Give r(-72).
3
Let 